Is 7 a factor of 7254492?
True
Does 199 divide 52979255?
False
Does 80 divide 7549200?
True
Is 580 a factor of 133016575?
False
Does 651 divide 812558670?
True
Does 6 divide 29469920?
False
Is 18 a factor of 144504526?
False
Is 6707958 a multiple of 198?
False
Is 467 a factor of 257908923?
False
Is 60660000 a multiple of 75?
True
Is 65631056 a multiple of 16?
True
Is 3 a factor of 143184588?
True
Is 98813728 a multiple of 32?
True
Is 494237091 a multiple of 67?
True
Does 623 divide 104811678?
False
Does 160 divide 17225280?
True
Is 4568375274 a multiple of 37?
True
Is 2002257 a multiple of 207?
False
Is 9197364 a multiple of 346?
False
Is 5 a factor of 42173396?
False
Is 50078090 a multiple of 60?
False
Does 6 divide 405500064?
True
Does 84 divide 19094880?
True
Is 21710004 a multiple of 2504?
False
Is 401 a factor of 278649150?
False
Is 3 a factor of 5341173?
True
Is 397 a factor of 241559?
False
Is 8076888 a multiple of 54?
True
Does 4 divide 17602456?
True
Is 133 a factor of 936323059?
True
Does 68 divide 115578512?
True
Does 1301 divide 90154058?
False
Is 158116628 a multiple of 459?
False
Does 17 divide 578941534?
False
Is 41517537 a multiple of 1994?
False
Does 257 divide 9204038?
False
Is 185390100 a multiple of 1190?
True
Is 6208126 a multiple of 7?
False
Is 16991472 a multiple of 601?
True
Is 266 a factor of 16680388?
False
Is 131 a factor of 26399775?
True
Is 3727053690 a multiple of 365?
True
Does 6 divide 34407672?
True
Does 187 divide 5829692?
False
Is 107 a factor of 1387219048?
True
Is 6884514 a multiple of 1134?
True
Is 3159 a factor of 1968167605?
False
Is 120214280 a multiple of 145?
True
Does 353 divide 552663507?
True
Does 6187 divide 358420347?
False
Does 25 divide 143753847?
False
Is 165 a factor of 1018309215?
True
Is 4026921 even?
False
Does 20 divide 684623011?
False
Does 780 divide 30017994?
False
Is 18859770 a multiple of 15?
True
Is 189 a factor of 1170103914?
True
Is 1970 a factor of 254897416?
False
Does 169 divide 12611794?
True
Is 3701 a factor of 291727274?
False
Is 22540188 a multiple of 33?
True
Is 12 a factor of 237001716?
True
Does 11 divide 2215510?
True
Does 63 divide 28601388?
False
Is 43 a factor of 8843390302?
False
Is 9 a factor of 33413130?
True
Is 15442948 a multiple of 66?
False
Does 54 divide 57160188?
True
Is 12 a factor of 123835524?
True
Is 4 a factor of 3122660?
True
Is 4280941 even?
False
Is 69465600 a multiple of 432?
True
Does 2473 divide 48826912?
True
Does 576 divide 134786880?
True
Does 1613 divide 120116794?
False
Is 41701986 a multiple of 1181?
False
Is 5240979 a multiple of 123?
False
Does 3343 divide 5268892271?
True
Does 1446 divide 43673894?
False
Is 53587286 a multiple of 258?
False
Is 1253458458 a multiple of 22?
False
Is 727 a factor of 67677884?
True
Does 72 divide 52890336?
True
Is 13867 even?
False
Does 11 divide 12838852?
False
Is 878 a factor of 144336114?
False
Is 1035 a factor of 524989837?
False
Is 1590 a factor of 34069368?
False
Is 70 a factor of 74985680?
True
Is 888086912 a multiple of 5072?
True
Does 7804 divide 46504036?
True
Does 3556 divide 411155388?
True
Is 3037 a factor of 295138635?
False
Is 50 a factor of 12546883?
False
Is 49146627 a multiple of 1259?
False
Is 31 a factor of 293558329?
False
Does 820 divide 144369973?
False
Is 391622024 a multiple of 974?
True
Does 9 divide 6910210?
False
Does 1379 divide 93449022?
False
Does 5 divide 1299629497?
False
Is 10 a factor of 375348800?
True
Is 1856 a factor of 6089922?
False
Is 24871282 a multiple of 83?
True
Does 44 divide 26797452?
True
Does 2536 divide 376682224?
True
Is 47 a factor of 6364405?
False
Is 949 a factor of 1691135082?
True
Is 20487817 a multiple of 7?
True
Is 418 a factor of 83168624?
True
Does 4795 divide 653180499?
False
Is 22774891 a multiple of 1548?
False
Does 567 divide 289140840?
False
Is 2405 a factor of 101159110?
True
Is 422671300 a multiple of 2?
True
Is 33 a factor of 2672335585?
False
Is 10201627 a multiple of 28?
False
Is 1105 a factor of 123445183?
False
Does 363 divide 1921428?
False
Is 159 a factor of 331425483?
True
Is 1773 a factor of 5726790?
True
Does 339 divide 29543850?
True
Is 2167770886 a multiple of 17?
False
Is 19 a factor of 70467789?
True
Does 647 divide 1041903597?
False
Is 46247758 a multiple of 792?
False
Is 135 a factor of 202785465?
False
Does 4 divide 24118546?
False
Does 1538 divide 496676427?
False
Does 11 divide 158098743?
True
Is 617703449 a multiple of 869?
True
Does 312 divide 111956832?
True
Is 70 a factor of 967162085?
False
Is 166497472 a multiple of 1478?
False
Does 992 divide 24230592?
True
Is 1153 a factor of 556899?
True
Does 61 divide 145756497?
False
Does 47 divide 97401719?
True
Does 1386 divide 641185411?
False
Is 55 a factor of 830213763?
False
Is 219174473 a multiple of 586?
False
Is 24045534 a multiple of 69?
True
Does 1027 divide 19974489?
False
Does 1714 divide 60731067?
False
Does 1944 divide 39233706?
False
Is 20669628 a multiple of 1008?
False
Is 233677282 a multiple of 767?
False
Is 234699179 a multiple of 1295?
False
Does 42 divide 1319593250?
False
Does 2522 divide 343438394?
True
Does 213 divide 17219772?
True
Does 49 divide 9902291?
False
Is 9214432 a multiple of 32?
True
Is 608 a factor of 685810472?
False
Is 655 a factor of 143546507?
False
Does 827 divide 549742461?
True
Is 20851530 a multiple of 50?
False
Is 545894 even?
True
Does 18 divide 2484660887?
False
Is 36 a factor of 27849312?
True
Is 365 a factor of 32763037?
False
Does 12 divide 8796795?
False
Does 56 divide 36287048?
True
Is 160 a factor of 306272800?
True
Is 18 a factor of 15455884?
False
Is 96712888 a multiple of 19?
True
Is 18 a factor of 26714646?
True
Is 217 a factor of 132259858?
False
Is 145451743 a multiple of 25?
False
Is 287537322 a multiple of 185?
False
Is 373515630 a multiple of 48?
False
Does 1283 divide 409220548?
True
Is 486701514 a multiple of 26?
True
Is 366835681 a multiple of 106?
False
Is 1265048551 a multiple of 25?
False
Is 277971436 a multiple of 45?
False
Is 17211225 a multiple of 143?
False
Does 36 divide 76097578?
False
Does 26 divide 219209261?
False
Does 575 divide 710702875?
True
Is 27 a factor of 1169897580?
True
Is 1829652000 a multiple of 4565?
True
Is 18 a factor of 1358390072?
False
Is 1533 a factor of 884613051?
True
Does 6155 divide 702631476?
False
Is 10 a factor of 25885400?
True
Does 19 divide 288685413?
False
Is 5306815 a multiple of 2?
False
Is 117 a factor of 17883801?
True
Is 57138664 a multiple of 22?
True
Does 58 divide 68556522?
True
Does 361 divide 50876134?
False
Is 177 a factor of 45451240?
False
Is 7 a factor of 30896790?
False
Does 29 divide 100848051?
True
Is 189 a factor of 66116963?
False
Does 209 divide 4171849?
True
Does 86 divide 1327942?
False
Is 11500044 a multiple of 57?
False
Is 185 a factor of 26268335?
True
Does 47 divide 44551676?
True
Is 367927005 a multiple of 2215?
True
Is 180061 a multiple of 11?
False
Is 67464202 a multiple of 1217?
False
Does 462 divide 98809326?
True
Is 192 a factor of 213891535?
False
Is 20574734 a multiple of 458?
True
Is 48 a factor of 3716769?
False
Does 44 divide 192854332?
True
Does 324 divide 14119690?
False
Is 8 a factor of 27158781?
False
Does 167 divide 150244222?
True
Is 61526000 a multiple of 19?
False
Does 1256 divide 316297224?
True
Does 5 divide 3578702?
False
Does 1718 divide 10518613?
False
Is 3016164823 a multiple of 133?
True
Is 40171994 a multiple of 17?
False
Is 482 a factor of 166174940?
False
Is 573 a factor of 225840876?
False
Does 976 divide 662745763?
False
Does 297 divide 787344921?
True
Is 3760393 a multiple of 138?
False
Is 68 a factor of 4234254?
False
Is 807 a factor of 381144919?
False
Is 467 a factor of 23641618?
False
Is 92024418 a multiple of 246?
True
Does 43 divide 647929375?
True
Does 17 divide 108956916?
False
Does 88 divide 6039203348?
False
Is 1892366337 a multiple of 5499?
False
Is 212233859 a multiple of 53?
False
Is 111341463 a multiple of 12?
False
Does 65 divide 1907578514?
False
Is 8 a factor of 57822048?
True
Is 12 a factor of 28525812?
True
Does 42 divide 29339394?
True
Is 944879935 a multiple of 21?
False
Does 241 divide 86981319?
False
Does 60 divide 570755460?
True
Is 843681461 a multiple of 53?
False
Is 276 a factor of 892